ose -y = -3*d + 5. Suppose -7*p = -3*p - 4, -6 = -d*g - 4*p. What is the units digit of g?
1
Let r be (1 - 0) + 0 + -5. Let p be r*2 - (-3)/3. Let u(c) = -c**2 - 6*c + 8. What is the units digit of u(p)?
1
Let d = 93 + -54. What is the tens digit of d?
3
Let k be -3 - ((-12)/(-3) - -1). What is the units digit of (36/k)/(3/(-4))?
6
Let p(x) = -x**2 - 3. Let k be p(5). Let y(q) = -2*q - 14. Let b be y(-6). What is the units digit of (-356)/k + b/(-7)?
3
Let t(l) = l**2 + 7*l - 8. Let b be t(-8). Suppose 3*y = -b*y + 66. What is the tens digit of y?
2
Suppose -3*l = 3*y + 21, -4*l + y = -6*l - 16. Let j = 6 - l. What is the units digit of j?
5
Let c be ((-22)/(-2))/((-9)/(-18)). Suppose -5*i + 48 = -c. What is the tens digit of i?
1
Let q(x) = x**2 + 6*x + 3. Let a be q(-5). Let j = -12 - a. Let n = -6 - j. What is the units digit of n?
4
Let z = 5 + -3. Suppose 4*b + 4 = 0, j - 5*b - 29 = z. What is the tens digit of j?
2
Let t(n) = n**2 + 7*n - 4. Suppose 12 - 2 = 2*r. Suppose 3*y - 4*s + 19 = -r*s, s + 3 = -y. What is the units digit of t(y)?
4
Suppose -3*m - m = -o - 373, 2*m - o = 187. What is the units digit of m?
3
Suppose -y = 3*y - 20. Let d be (5 - 1)/(-2) + y. What is the units digit of (1 - d)/((-4)/14)?
7
Suppose -5*d + 56 = -t, -3*d - 3*t - t = -29. Suppose 4*c = d + 105. What is the units digit of c?
9
Let b = 46 - 26. Suppose -b = -c - 4*c. Suppose c*s + 2*y = 42, -3*s = 2*y - 4*y - 14. What is the units digit of s?
8
Let o(t) = t**3 - 6*t**2 + 6*t + 1. Let y be o(5). Let s be ((-3)/y)/(2/(-8)). Suppose -s = -h + 5. What is the units digit of h?
7
Suppose -3*g - 9 = 4*z, -g - 3*g = 4*z + 12. Let j(k) = -k**2 - 3*k. Let f be j(g). Suppose -16 + 1 = -5*v, f = -3*b - 5*v + 27. What is the units digit of b?
4
Suppose 2 = -f - f. What is the tens digit of f/((8/60)/(-2))?
1
Suppose 2*t = -3*z - t + 126, 2*z + 4*t = 84. What is the tens digit of z?
4
Let s(w) = -w**3 + 2*w**2 + w - 2. Let y be s(2). Suppose y = 3*a - 16 - 14. What is the tens digit of a?
1
Suppose 4*v = -49 + 277. What is the tens digit of v?
5
Suppose 0 = 4*r - 16 - 44. Suppose 6 = -3*g - r. Let z = -4 - g. What is the units digit of z?
3
Let h = -7 - -5. What is the units digit of 0 - (h + 5 + -19)?
6
Suppose 3*c + 308 = 4*h, 4*h - 350 = -h - 5*c. What is the tens digit of h?
7
Let l(m) = m**2 + 7*m - 4. Let o be l(-8). What is the units digit of (-9)/(-3) - o - -33?
2
Let c = 30 + 48. What is the units digit of (-9)/(-36) + c/8?
0
Let b be (-2)/((-3)/(18/4)). Let q(f) = 0*f + b - 6*f + 7*f + 5. What is the tens digit of q(8)?
1
Suppose -5*u + 40 = 5*m, -19 - 2 = -3*u - 2*m. Suppose -4*p + 48 = -4*d, 0 = p + 5*d - u - 31. What is the units digit of p?
6
Let g = 142 - 59. What is the tens digit of g?
8
Let f(p) = 108*p + 18. Suppose -2*d = 3*d - 25. Let u(v) = -31*v - 5. Let w(c) = d*f(c) + 18*u(c). What is the units digit of w(-1)?
8
What is the hundreds digit of 5 + 130 + (-10)/(-2)?
1
Let h = 112 - -66. What is the hundreds digit of h?
1
Let g = 5 - 2. Suppose 8 = -2*s + g*s. Suppose 2*w + 2*h - 10 = 16, s = 2*h. What is the units digit of w?
9
Suppose -4*o - 18 = 5*p - 6*p, 3*o - 69 = -3*p. What is the tens digit of p?
2
Let h(p) = -p**2 - 7*p - 4. Let u be h(-6). Suppose -4*a = -u*a - 88. What is the units digit of 2/(-6) - a/(-6)?
7
Let d = 14 + -11. Suppose -3*b + 2 = 2*q - 10, -2*b + 23 = d*q. What is the units digit of q?
9
Suppose -2*i + i = 0. Let t(u) = u**2 - 2*u + 8. Let g(a) = a**2 - 3*a + 9. Let n(v) = -2*g(v) + 3*t(v). What is the units digit of n(i)?
6
Let k(s) = 7*s**3 - 2*s - 1. Let f be k(-1). Let a(p) = -3*p - p**2 - 6*p**2 - 3*p - p**3 + 3. What is the units digit of a(f)?
3
Let h(z) = 3*z**2 - 3*z. Let u be 5 - (2 + 4 + -3). Suppose 0*a + a - u = 0. What is the units digit of h(a)?
6
Let y(r) = -3 + 12*r - 5*r + 6. Let p be y(-3). What is the units digit of p/4*2/(-1)?
9
Let w be -10*1*6/12. Let n = 7 - 17. Let x = w - n. What is the units digit of x?
5
Suppose 4*a = 2*a + 16. What is the tens digit of (1*37)/(a + -7)?
3
Suppose -2*s - 5*q + 26 = 2*s, q = -2. Let z = s - 4. What is the units digit of z?
5
Let h(u) = u**2 + 7*u + 39. What is the units digit of h(-13)?
7
Let t(z) = 13*z - 21. What is the hundreds digit of t(11)?
1
Suppose 5*b - 4*b = 30. What is the units digit of 1488/b + (-4)/(-10)?
0
Let z = 21 - 12. Suppose 3*l + 4*t - z = 1, -t = -1. Let r(w) = 3*w - 2. What is the units digit of r(l)?
4
Let b be (-5)/(-2)*-2 - 1. Suppose 0 = -12*t + 14*t. Let m = t - b. What is the units digit of m?
6
Suppose 10*g = -v + 5*g + 25, 4*g = 2*v - 36. Let s be (v - 1) + 1/(-1). Suppose 0*m = m + 4*o + s, m + 3*o = -13. What is the units digit of m?
2
Let s = 2 + 0. Suppose 5*w = i + 2, s*i + 4*w - 2 = 3*i. Let o = i - -11. What is the units digit of o?
9
Suppose -r - 2*r + u = -60, -3*u = 0. What is the tens digit of r?
2
Let y = -8 - -12. Suppose 0*o = -3*o + y*n - 14, -n = o - 7. Suppose m - o*q = -q + 3, 0 = -m + 4*q - 6. What is the units digit of m?
6
Let k(r) be the first derivative of -r**4/24 - r**3/6 + r**2/2 - 2. Let g(j) be the second derivative of k(j). What is the units digit of g(-2)?
1
Suppose -4*r = -16, 5*y + 4*r - 987 = r. What is the hundreds digit of y?
1
Let z = 2 - -12. What is the units digit of z?
4
Let t be 85/(-15) + 1/(-3). Let n = 0 - t. What is the units digit of n?
6
Let i = 3 - 0. Suppose -2*r - 2*p - 15 = i*p, 0 = -5*r - 3*p + 10. Let b = r + 5. What is the units digit of b?
0
Let b(k) = 3*k**2 + 6*k + 1. What is the units digit of b(-6)?
3
Suppose 0*u = -4*u + 92. Let d = u - 3. What is the units digit of d?
0
Suppose -w + 25 = j, 8*w = 3*w - j + 105. Let h = w + -7. What is the units digit of h?
3
Let i(x) = -x + 2. Let r be i(8). What is the units digit of (36/(-5))/(r/15)?
8
Suppose -a + 4*q + 182 = a, a - q = 96. What is the hundreds digit of a?
1
What is the units digit of ((-6)/9)/(4 - (-146)/(-36))?
2
Suppose 0 = d + d. Suppose 60 = 5*t - d. What is the units digit of t?
2
Let k(l) = l**2 + 3*l. Let z be k(-3). Suppose z*h = h. Suppose 5*o + 2*y - 16 = h, 0 = -3*o + 3*y - 9 + 27. What is the units digit of o?
4
Suppose -b + 4*s = -2*b + 9, 5*s + 20 = 0. What is the tens digit of b?
2
Suppose 5*a + 2*v = -0*v + 21, -4*a + 2*v = -6. Let s(f) = -f**3 + 2*f**2 + 3*f. Let x be s(a). Let k(d) = -d**3 - d + 9. What is the units digit of k(x)?
9
Suppose 4*r + 64 = -52. Let l be (r/(-4))/(2/(-8)). Let k = -11 - l. What is the units digit of k?
8
Suppose l + 23 = -4*v, v + v = 2*l - 14. Let x = 10 + v. Let f = x - -10. What is the tens digit of f?
1
Let g(f) = f**3 - 8*f**2 + 8*f - 12. What is the tens digit of g(8)?
5
Suppose 22*f - 480 = 17*f. What is the tens digit of f?
9
Let o be (-9)/(-2) - (-1)/(-2). Let p(v) = -3*v**2 + 6*v - 4. Let l be p(o). Let z = l + 39. What is the tens digit of z?
1
Let l(n) = n**3 - 15*n**2 - 12*n - 19. Suppose -3*y = -4*i - 56, 5*y + i = 69 + 9. What is the units digit of l(y)?
5
Suppose -4*h + 2*n = -124, h - 2*h - 5*n + 20 = 0. What is the units digit of h?
0
Suppose -258 = -11*x - 60. What is the units digit of x?
8
What is the units digit of 5360/28 + (-12)/(-21)?
2
Suppose g - 174 = -5*s, 2*g + 25 = 5*s - 137. What is the units digit of s?
4
What is the tens digit of (128 - (7 + -3)) + 0?
2
Suppose -h + 6*h = 5*n - 5, 2*h = 5*n - 11. Suppose 0*z = n*z - 15. What is the units digit of z?
5
Let g be (-2)/(-3) - (-91)/3. Let l = -20 + g. What is the units digit of l?
1
Suppose 5*u + 65 = -0. Let c = u - -31. What is the units digit of c?
8
Suppose 5*m - 7*m + 18 = 0. What is the units digit of m?
9
Suppose 2*c + 1 + 1 = 0. Let q be (-2 - c - 0)*-8. Let t(j) = j + 1. What is the units digit of t(q)?
9
Suppose -6*b = 2*o - 2*b, -5*b - 15 = -5*o. Suppose s = -4*f + 9, o*f - f + 5*s + 12 = 0. Suppose -12 + 0 = -f*c. What is the units digit of c?
4
Let j be 90*((-20)/6 + 4). Suppose -4*q = 3*z + z - j, -q + z + 15 = 0. What is the units digit of q?
5
Suppose -48*a - 386 = -49*a. What is the hundreds digit of a?
3
Let x(a) = 2*a + 5. Suppose -j + 3 = 2*j, t + 6 = 2*j. Let r be x(t). What is the tens digit of r/(9/(-33)) - 0?
1
Suppose k = -3*k. Suppose 5*l = -k*l + 10. Suppose -3*b - l*r + 1 = -48, 4*r + 32 = 4*b. What is the units digit of b?
3
Let l = -28 - -115. What is the tens